662123 is divided by 91.
7
What is the remainder when 17512 is divided by 58?
54
Calculate the remainder when 12709 is divided by 721.
452
What is the remainder when 697 is divided by 384?
313
What is the remainder when 37100 is divided by 2645?
70
What is the remainder when 184252 is divided by 321?
319
What is the remainder when 19633 is divided by 269?
265
What is the remainder when 25729 is divided by 3671?
32
Calculate the remainder when 226795 is divided by 298.
17
What is the remainder when 9782 is divided by 547?
483
What is the remainder when 15789 is divided by 660?
609
Calculate the remainder when 2549 is divided by 14.
1
Calculate the remainder when 5155 is divided by 431.
414
What is the remainder when 1939 is divided by 195?
184
What is the remainder when 81020 is divided by 324?
20
Calculate the remainder when 183627 is divided by 183616.
11
What is the remainder when 320203 is divided by 80048?
11
Calculate the remainder when 390561 is divided by 237.
222
Calculate the remainder when 95933 is divided by 110.
13
What is the remainder when 53533 is divided by 69?
58
What is the remainder when 341265 is divided by 21?
15
Calculate the remainder when 915784 is divided by 13.
12
Calculate the remainder when 157642 is divided by 1899.
25
What is the remainder when 5434 is divided by 675?
34
Calculate the remainder when 1089222 is divided by 45.
42
Calculate the remainder when 96769 is divided by 151.
129
Calculate the remainder when 4754 is divided by 111.
92
What is the remainder when 220 is divided by 66?
22
What is the remainder when 69049 is divided by 6267?
112
What is the remainder when 448198 is divided by 1489?
9
Calculate the remainder when 600490 is divided by 21.
16
What is the remainder when 20801 is divided by 24?
17
Calculate the remainder when 147903 is divided by 144.
15
What is the remainder when 17850 is divided by 167?
148
Calculate the remainder when 116801 is divided by 62.
55
Calculate the remainder when 8093 is divided by 7818.
275
Calculate the remainder when 5658 is divided by 43.
25
What is the remainder when 408 is divided by 72?
48
Calculate the remainder when 146320 is divided by 28.
20
Calculate the remainder when 8126 is divided by 267.
116
What is the remainder when 1638 is divided by 627?
384
Calculate the remainder when 408 is divided by 138.
132
Calculate the remainder when 160377 is divided by 71.
59
Calculate the remainder when 42443 is divided by 832.
11
What is the remainder when 5669 is divided by 80?
69
Calculate the remainder when 14960 is divided by 4881.
317
Calculate the remainder when 146907 is divided by 38.
37
What is the remainder when 28326 is divided by 204?
174
What is the remainder when 2730 is divided by 459?
435
What is the remainder when 63919 is divided by 21297?
28
Calculate the remainder when 3276 is divided by 2594.
682
What is the remainder when 345 is divided by 80?
25
What is the remainder when 1163 is divided by 85?
58
Calculate the remainder when 22354 is divided by 18.
16
Calculate the remainder when 10847 is divided by 641.
591
Calculate the remainder when 1135394 is divided by 4.
2
Calculate the remainder when 355639 is divided by 33.
31
What is the remainder when 4017 is divided by 88?
57
Calculate the remainder when 94381 is divided by 23.
12
Calculate the remainder when 547 is divided by 274.
273
What is the remainder when 2314 is divided by 2307?
7
What is the remainder when 10828 is divided by 69?
64
Calculate the remainder when 7872 is divided by 686.
326
Calculate the remainder when 35669 is divided by 41.
40
Calculate the remainder when 54675 is divided by 749.
747
What is the remainder when 4584 is divided by 628?
188
Calculate the remainder when 11837 is divided by 5917.
3
What is the remainder when 31766 is divided by 51?
44
Calculate the remainder when 226265 is divided by 170.
165
Calculate the remainder when 12994997 is divided by 46.
43
Calculate the remainder when 50914 is divided by 54.
46
Calculate the remainder when 30045 is divided by 2495.
105
Calculate the remainder when 2291 is divided by 42.
23
Calculate the remainder when 25638 is divided by 18.
6
Calculate the remainder when 169531 is divided by 1662.
7
Calculate the remainder when 5803355 is divided by 2185.
2180
Calculate the remainder when 5122 is divided by 109.
108
Calculate the remainder when 1800808 is divided by 55.
53
What is the remainder when 596 is divided by 34?
18
Calculate the remainder when 4817 is divided by 437.
10
What is the remainder when 23998 is divided by 21?
16
What is the remainder when 172640 is divided by 2466?
20
Calculate the remainder when 30755 is divided by 18.
11
What is the remainder when 4108 is divided by 21?
13
What is the remainder when 14691 is divided by 14605?
86
What is the remainder when 11693 is divided by 54?
29
Calculate the remainder when 203278 is divided by 50817.
10
What is the remainder when 137019 is divided by 17?
16
What is the remainder when 2612952 is divided by 80?
72
Calculate the remainder when 121489 is divided by 157.
128
Calculate the remainder when 1745 is divided by 740.
265
What is the remainder when 2597 is divided by 653?
638
What is the remainder when 1326274 is divided by 554?
552
Calculate the remainder when 118439 is divided by 252.
251
What is the remainder when 65284 is divided by 1070?
14
What is the remainder when 663863 is divided by 704?
695
Calculate the remainder when 26251 is divided by 125.
1
Calculate the remainder when 100373 is divided by 24.
5
What is the remainder when 241271 is divided by 120630?
11
Calculate the remainder when 2735058 is divided by 5.
3
Calculate the remainder when 7883 is divided by 16.
11
What is the remainder when 583945 is divided by 242?
241
Calculate the remainder when 1007 is divided by 114.
95
What is the remainder when 184123 is divided by 16?
11
Calculate the remainder when 4267 is divided by 35.
32
What is the remainder when 1393 is divided by 617?
159
What is the remainder when 69672 is divided by 1699?
13
What is the remainder when 5265 is divided by 232?
161
What is the remainder when 1682865 is divided by 392?
9
Calculate the remainder when 18371 is divided by 235.
41
What is the remainder when 3085 is divided by 103?
98
Calculate the remainder when 18259 is divided by 793.
20
Calculate the remainder when 7816 is divided by 312.
16
What is the remainder when 490714 is divided by 774?
772
Calculate the remainder when 4222793 is divided by 103.
102
What is the remainder when 43185 is divided by 1439?
15
What is the remainder when 952201 is divided by 22?
19
What is the remainder when 1201990 is divided by 957?
955
Calculate the remainder when 76590 is divided by 5889.
33
What is the remainder when 706 is divided by 423?
283
What is the remainder when 297456 is divided by 4374?
24
Calculate the remainder when 309166 is divided by 19.
17
Calculate the remainder when 14931 is divided by 115.
96
What is the remainder when 153101 is divided by 323?
322
What is the remainder when 2784 is divided by 275?
34
What is the remainder when 5762 is divided by 725?
687
What is the remainder when 121437 is divided by 193?
40
What is the remainder when 5047 is divided by 192?
55
Calculate the remainder when 12369 is divided by 253.
225
What is the remainder when 9623 is divided by 600?
23
Calculate the remainder when 10794 is divided by 82.
52
Calculate the remainder when 440849 is divided by 75.
74
Calculate the remainder when 749588 is divided by 374790.
8
What is the remainder when 263556 is divided by 93?
87
Calculate the remainder when 16111 is divided by 472.
63
Calculate the remainder when 326696 is divided by 905.
896
What is the remainder when 9401 is divided by 96?
89
What is the remainder when 1523 is divided by 411?
290
Calculate the remainder when 238 is divided by 57.
10
What is the remainder when 16913 is divided by 8453?
7
Calculate the remainder when 81376 is divided by 313.
309
What is the remainder when 2185025 is divided by 221?
219
What is the remainder when 66559 is divided by 32?
31
What is the remainder when 5512 is divided by 60?
52
Calculate the remainder when 6239 is divided by 693.
2
What is the remainder when 474032 is divided by 7?
6
Calculate the remainder